 are the prime factors of 6582?
2, 3, 1097
What are the prime factors of 6521?
6521
What are the prime factors of 12218?
2, 41, 149
List the prime factors of 39336.
2, 3, 11, 149
What are the prime factors of 57?
3, 19
List the prime factors of 57453.
3, 11, 1741
List the prime factors of 15576.
2, 3, 11, 59
List the prime factors of 2748.
2, 3, 229
List the prime factors of 522.
2, 3, 29
List the prime factors of 318.
2, 3, 53
List the prime factors of 31631.
47, 673
What are the prime factors of 3362?
2, 41
List the prime factors of 7424.
2, 29
What are the prime factors of 156021?
3, 131, 397
What are the prime factors of 6592?
2, 103
What are the prime factors of 19050?
2, 3, 5, 127
What are the prime factors of 74?
2, 37
What are the prime factors of 39602?
2, 19801
List the prime factors of 4458.
2, 3, 743
What are the prime factors of 36?
2, 3
List the prime factors of 8518.
2, 4259
List the prime factors of 29515.
5, 5903
List the prime factors of 58162.
2, 13, 2237
List the prime factors of 5099.
5099
List the prime factors of 836.
2, 11, 19
What are the prime factors of 37881?
3, 23, 61
List the prime factors of 28509.
3, 13, 17, 43
List the prime factors of 279.
3, 31
What are the prime factors of 1053?
3, 13
List the prime factors of 5501.
5501
List the prime factors of 240.
2, 3, 5
List the prime factors of 10556.
2, 7, 13, 29
List the prime factors of 125372.
2, 13, 2411
List the prime factors of 69.
3, 23
List the prime factors of 1166.
2, 11, 53
List the prime factors of 1121.
19, 59
List the prime factors of 5804.
2, 1451
List the prime factors of 7283.
7283
What are the prime factors of 26577?
3, 2953
What are the prime factors of 19417?
19417
What are the prime factors of 153283?
13, 907
List the prime factors of 988.
2, 13, 19
List the prime factors of 2766.
2, 3, 461
What are the prime factors of 7906?
2, 59, 67
What are the prime factors of 28614?
2, 3, 19, 251
What are the prime factors of 11072?
2, 173
What are the prime factors of 372?
2, 3, 31
List the prime factors of 5809.
37, 157
List the prime factors of 11565.
3, 5, 257
List the prime factors of 3955.
5, 7, 113
What are the prime factors of 1687?
7, 241
List the prime factors of 65834.
2, 32917
List the prime factors of 3780.
2, 3, 5, 7
List the prime factors of 1021.
1021
List the prime factors of 16870.
2, 5, 7, 241
What are the prime factors of 77334?
2, 3, 12889
List the prime factors of 10221.
3, 3407
What are the prime factors of 1424?
2, 89
List the prime factors of 735.
3, 5, 7
What are the prime factors of 285?
3, 5, 19
List the prime factors of 3236.
2, 809
List the prime factors of 63.
3, 7
What are the prime factors of 52659?
3, 5851
What are the prime factors of 61643?
61643
List the prime factors of 2668.
2, 23, 29
List the prime factors of 88336.
2, 5521
What are the prime factors of 47156?
2, 11789
What are the prime factors of 1151?
1151
What are the prime factors of 6216?
2, 3, 7, 37
What are the prime factors of 41350?
2, 5, 827
What are the prime factors of 7414?
2, 11, 337
What are the prime factors of 393?
3, 131
List the prime factors of 170.
2, 5, 17
What are the prime factors of 5595?
3, 5, 373
What are the prime factors of 527?
17, 31
What are the prime factors of 4376?
2, 547
List the prime factors of 839.
839
List the prime factors of 940.
2, 5, 47
What are the prime factors of 18599?
7, 2657
What are the prime factors of 870?
2, 3, 5, 29
List the prime factors of 51041.
43, 1187
List the prime factors of 58211.
58211
What are the prime factors of 130153?
157, 829
What are the prime factors of 19620?
2, 3, 5, 109
What are the prime factors of 464?
2, 29
List the prime factors of 15257.
11, 19, 73
What are the prime factors of 7216?
2, 11, 41
List the prime factors of 54396.
2, 3, 1511
List the prime factors of 20092.
2, 5023
What are the prime factors of 3384?
2, 3, 47
List the prime factors of 789.
3, 263
What are the prime factors of 1767?
3, 19, 31
List the prime factors of 27464.
2, 3433
List the prime factors of 138.
2, 3, 23
List the prime factors of 25300.
2, 5, 11, 23
List the prime factors of 16649.
16649
What are the prime factors of 27?
3
What are the prime factors of 288?
2, 3
List the prime factors of 1438.
2, 719
List the prime factors of 15168.
2, 3, 79
List the prime factors of 242.
2, 11
List the prime factors of 76061.
23, 3307
List the prime factors of 248.
2, 31
What are the prime factors of 1403?
23, 61
List the prime factors of 107676.
2, 3, 997
What are the prime factors of 7523?
7523
List the prime factors of 1665.
3, 5, 37
List the prime factors of 766.
2, 383
List the prime factors of 2395.
5, 479
List the prime factors of 811.
811
What are the prime factors of 23517?
3, 13, 67
What are the prime factors of 1600?
2, 5
What are the prime factors of 41914?
2, 19, 1103
List the prime factors of 9658.
2, 11, 439
What are the prime factors of 5403?
3, 1801
What are the prime factors of 1173?
3, 17, 23
List the prime factors of 2345.
5, 7, 67
List the prime factors of 357.
3, 7, 17
What are the prime factors of 7735?
5, 7, 13, 17
What are the prime factors of 3268?
2, 19, 43
What are the prime factors of 1489?
1489
What are the prime factors of 38326?
2, 19163
What are the prime factors of 3727?
3727
What are the prime factors of 3847?
3847
List the prime factors of 514.
2, 257
What are the prime factors of 24403?
23, 1061
What are the prime factors of 2397?
3, 17, 47
What are the prime factors of 18201?
3, 6067
What are the prime factors of 2924?
2, 17, 43
What are the prime factors of 24084?
2, 3, 223
List the prime factors of 1314.
2, 3, 73
What are the prime factors of 110?
2, 5, 11
List the prime factors of 63433.
229, 277
List the prime factors of 43015.
5, 7, 1229
List the prime factors of 66263.
23, 43, 67
List the prime factors of 38098.
2, 43, 443
What are the prime factors of 42553?
7, 6079
What are the prime factors of 2312?
2, 17
List the prime factors of 2760.
2, 3, 5, 23
What are the prime factors of 3139?
43, 73
What are the prime factors of 1271?
31, 41
What are the prime factors of 53603?
11, 443
What are the prime factors of 2259?
3, 251
What are the prime factors of 14702?
2, 7351
What are the prime factors of 55690?
2, 5, 5569
What are the prime factors of 33333?
3, 41, 271
List the prime factors of 315.
3, 5, 7
What are the prime factors of 2255?
5, 11, 41
List the prime factors of 3219.
3, 29, 37
List the prime factors of 4499.
11, 409
List the prime factors of 2541.
3, 7, 11
What are the prime factors of 14209?
13, 1093
List the prime factors of 13916.
2, 7, 71
List the prime factors of 542.
2, 271
What are the prime factors of 6949?
6949
What are the prime factors of 1441?
11, 131
What are the prime factors of 14882?
2, 7, 1063
What are the prime factors of 2118?
2, 3, 353
List the prime factors of 4969.
4969
What are the prime factors of 19270?
2, 5, 41, 47
List the prime factors of 6345.
3, 5, 47
List the prime factors of 26792.
2, 17, 197
List the prime factors of 1657.
1657
What are the prime factors of 49001?
19, 2579
What are the prime factors of 13527?
3, 167
What are the prime factors of 2820?
2, 3, 5, 47
List the prime factors of 7381.
11, 61
What are the prime factors of 4335?
3, 5, 17
What are the prime factors of 9080?
2, 5, 227
List the prime factors of 16103.
16103
What are the prime factors of 120221?
23, 5227
List the prime factors of 92319.
3, 30773
What are the prime factors of 102147?
3, 79, 431
What are the prime factors of 66184?
2, 8273
What are the prime factors of 8840?
2, 5, 13, 17
What are the prime factors of 525?
3, 5, 7
What are the prime factors of 2621?
2621
What are the prime factors of 2858?
2, 1429
What are the prime factors of 5837?
13, 449
List the prime factors of 7968.
2, 3, 83
What are the prime factors of 5305?
5, 1061
List the prime factors of 31849.
31849
List the prime factors of 7127.
7127
List the prime factors of 49051.
181, 271
What are the prime factors of 552?
2, 3, 23
What are the prime factors of 55874?
2, 7, 13, 307
List the prime factors of 112100.
2, 5, 19, 59
List the prime factors of 19591.
11, 13, 137
What are the prime factors of 1040?
2, 5, 13
What are the prime factors of 7061?
23, 307
What are the prime factors of 2784?
2, 3, 